{"id":251,"date":"2019-11-15T12:28:45","date_gmt":"2019-11-15T12:28:45","guid":{"rendered":"http:\/\/distribucionesjosecarlos.es\/?product=import-placeholder-for-5005"},"modified":"2020-11-25T12:01:21","modified_gmt":"2020-11-25T12:01:21","slug":"filetes-de-anchoa-en-aceite-de-oliva","status":"publish","type":"product","link":"https:\/\/distribucionesjosecarlos.es\/?product=filetes-de-anchoa-en-aceite-de-oliva","title":{"rendered":"Filetes de anchoa en aceite de oliva"},"content":{"rendered":"<p>Anchoa del Cant\u00e1brico Ancomar.<\/p>\n<p>Filetes de anchoa del Cant\u00e1brico en aceite de oliva, seleccionados uno a uno y siguiendo los m\u00e9todos tradicionales<\/p>\n<p>Sin gluten<\/p>\n<p>Sin lactosa<\/p>\n<p>En Ancomar elaboran de manera artesanal exclusivamente <strong>anchoas<\/strong> capturadas en aguas del mar Cant\u00e1brico (Engraulis encrasicolus). Adem\u00e1s, trabajan siempre con <strong>costera de primavera<\/strong> que dejan madurar un m\u00ednimo de ocho meses.<\/p>\n<p>Tras el proceso de maduraci\u00f3n, comienza la elaboraci\u00f3n de la anchoa. En Ancomar son muy cuidadosos y apuestan por la est\u00e9tica del producto, cuidando mucho el corte y la limpieza de la anchoa.<\/p>\n<p>Como proceso final, envasan las anchoas con <strong>aceite de oliva<\/strong>, que es el mejor acompa\u00f1ante para el filete de anchoa ya que contribuye a mantener la calidad del alimento y a su buena conservaci\u00f3n durante m\u00e1s tiempo.<\/p>\n","protected":false},"excerpt":{"rendered":"<p>Filetes de anchoa Anco en aceite de oliva<\/p>\n<p>Peso neto: 550 g<\/p>\n<p> <a class=\"more-link\" href=\"https:\/\/distribucionesjosecarlos.es\/?product=filetes-de-anchoa-en-aceite-de-oliva\">Leer m\u00e1s<\/a><\/p>","protected":false},"featured_media":364,"comment_status":"closed","ping_status":"closed","template":"","meta":[],"product_brand":[],"product_cat":[38],"product_tag":[47,46,42,49,56,43],"class_list":{"0":"post-251","1":"product","2":"type-product","3":"status-publish","4":"has-post-thumbnail","6":"product_cat-bacalao-y-conservas","7":"product_tag-aceite","8":"product_tag-anchoa","9":"product_tag-conserva","10":"product_tag-filetes","11":"product_tag-oliva","12":"product_tag-pescado","14":"first","15":"instock","16":"sold-individually","17":"shipping-taxable","18":"product-type-simple"},"jetpack_sharing_enabled":true,"_links":{"self":[{"href":"https:\/\/distribucionesjosecarlos.es\/index.php?rest_route=\/wp\/v2\/product\/251","targetHints":{"allow":["GET"]}}],"collection":[{"href":"https:\/\/distribucionesjosecarlos.es\/index.php?rest_route=\/wp\/v2\/product"}],"about":[{"href":"https:\/\/distribucionesjosecarlos.es\/index.php?rest_route=\/wp\/v2\/types\/product"}],"replies":[{"embeddable":true,"href":"https:\/\/distribucionesjosecarlos.es\/index.php?rest_route=%2Fwp%2Fv2%2Fcomments&post=251"}],"wp:featuredmedia":[{"embeddable":true,"href":"https:\/\/distribucionesjosecarlos.es\/index.php?rest_route=\/wp\/v2\/media\/364"}],"wp:attachment":[{"href":"https:\/\/distribucionesjosecarlos.es\/index.php?rest_route=%2Fwp%2Fv2%2Fmedia&parent=251"}],"wp:term":[{"taxonomy":"product_brand","embeddable":true,"href":"https:\/\/distribucionesjosecarlos.es\/index.php?rest_route=%2Fwp%2Fv2%2Fproduct_brand&post=251"},{"taxonomy":"product_cat","embeddable":true,"href":"https:\/\/distribucionesjosecarlos.es\/index.php?rest_route=%2Fwp%2Fv2%2Fproduct_cat&post=251"},{"taxonomy":"product_tag","embeddable":true,"href":"https:\/\/distribucionesjosecarlos.es\/index.php?rest_route=%2Fwp%2Fv2%2Fproduct_tag&post=251"}],"curies":[{"name":"wp","href":"https:\/\/api.w.org\/{rel}","templated":true}]}}