{"id":238,"date":"2019-11-15T12:28:44","date_gmt":"2019-11-15T12:28:44","guid":{"rendered":"http:\/\/distribucionesjosecarlos.es\/?product=import-placeholder-for-3047"},"modified":"2020-12-16T20:15:52","modified_gmt":"2020-12-16T19:15:52","slug":"tomillo","status":"publish","type":"product","link":"https:\/\/distribucionesjosecarlos.es\/?product=tomillo","title":{"rendered":"Tomillo"},"content":{"rendered":"<p>El tomillo es una planta de hoja perenne originaria de las zonas m\u00e1s c\u00e1lidas de Europa, del Norte de \u00c1frica y Oriente pr\u00f3ximo.<br \/>\nSe usan principalmente las hojas del tomillo, con carnes y aves, aunque se puede a\u00f1adir al pescado o a unas verduras.<br \/>\nSabor intenso que podr\u00eda tapar otros sabores, adem\u00e1s de no ser agradable un sabor excesivo a tomillo.<\/p>\n","protected":false},"excerpt":{"rendered":"<p>Tomillo<\/p>\n<p>Bote hosteler\u00eda 400 g.<\/p>\n<p> <a class=\"more-link\" href=\"https:\/\/distribucionesjosecarlos.es\/?product=tomillo\">Leer m\u00e1s<\/a><\/p>","protected":false},"featured_media":338,"comment_status":"closed","ping_status":"closed","template":"","meta":[],"product_brand":[],"product_cat":[62],"product_tag":[63,153],"class_list":{"0":"post-238","1":"product","2":"type-product","3":"status-publish","4":"has-post-thumbnail","6":"product_cat-especias","7":"product_tag-especias","8":"product_tag-tomillo","10":"first","11":"instock","12":"sold-individually","13":"shipping-taxable","14":"product-type-simple"},"jetpack_sharing_enabled":true,"_links":{"self":[{"href":"https:\/\/distribucionesjosecarlos.es\/index.php?rest_route=\/wp\/v2\/product\/238","targetHints":{"allow":["GET"]}}],"collection":[{"href":"https:\/\/distribucionesjosecarlos.es\/index.php?rest_route=\/wp\/v2\/product"}],"about":[{"href":"https:\/\/distribucionesjosecarlos.es\/index.php?rest_route=\/wp\/v2\/types\/product"}],"replies":[{"embeddable":true,"href":"https:\/\/distribucionesjosecarlos.es\/index.php?rest_route=%2Fwp%2Fv2%2Fcomments&post=238"}],"wp:featuredmedia":[{"embeddable":true,"href":"https:\/\/distribucionesjosecarlos.es\/index.php?rest_route=\/wp\/v2\/media\/338"}],"wp:attachment":[{"href":"https:\/\/distribucionesjosecarlos.es\/index.php?rest_route=%2Fwp%2Fv2%2Fmedia&parent=238"}],"wp:term":[{"taxonomy":"product_brand","embeddable":true,"href":"https:\/\/distribucionesjosecarlos.es\/index.php?rest_route=%2Fwp%2Fv2%2Fproduct_brand&post=238"},{"taxonomy":"product_cat","embeddable":true,"href":"https:\/\/distribucionesjosecarlos.es\/index.php?rest_route=%2Fwp%2Fv2%2Fproduct_cat&post=238"},{"taxonomy":"product_tag","embeddable":true,"href":"https:\/\/distribucionesjosecarlos.es\/index.php?rest_route=%2Fwp%2Fv2%2Fproduct_tag&post=238"}],"curies":[{"name":"wp","href":"https:\/\/api.w.org\/{rel}","templated":true}]}}